= -25*b**3 - 19*b**2 - 1 + 7 + 29*b + 26*b**2 - 14*b**2. Let a(v) = -9*v**3 - 2*v**2 + 10*v + 2. Let j(r) = -11*a(r) + 4*o(r). What is j(-7)?
9
Let r(m) = -m**3 + 2*m**2 + 6. Suppose 442*q + 14 = 5*x + 441*q, -4*q = 16. Determine r(x).
6
Let n(r) = -6 + 4 + 3*r + 2. Suppose -3*b - 8 = -4*b - 5*f, -5*b = f + 8. Determine n(b).
-6
Let l(w) = 5*w + 130. Suppose -3*n + 4*v = 75, -4*n - 2*v = -4*v + 100. Calculate l(n).
5
Let j(w) = w**2 + 4*w - 4. Let g = -68 + 71. Let o(s) = 305 + 4*s**3 - g*s**3 - 307 - 2*s. Let d be o(-2). Calculate j(d).
8
Let a(g) = -77*g + 0*g**2 - 3 - 3 - g**2 + 32*g + 27*g. What is a(-20)?
-46
Let t(u) = 10*u + 0*u - 7*u + 12 + 3*u**2 - 4*u**2 - 10. Give t(3).
2
Let r(q) = -40*q**2 - 2*q - 6. Let c(m) = -14*m**2 - m - 2. Let v(x) = -7*c(x) + 2*r(x). Determine v(-1).
17
Let w(c) = c**2 - 4*c + 2. Suppose t + 32 = z, 108 = 4*t - 7*t - z. Let v be t/(-8) - 2*6/32. Give w(v).
2
Let d(c) = -2*c**3 - c**2 - 2*c - 1. Let s be (-6)/(-4)*6/9. Let t be (-4)/(-1) + s*5. Suppose -t*z - 3 = 6. Determine d(z).
2
Let b(j) = -62*j + 3. Let p(d) = 36*d - 2. Let a(i) = 4*b(i) + 7*p(i). Let c(u) = -u**2 + 5*u + 8. Let l be c(6). What is a(l)?
6
Let m(u) = 10 - 3 - 3*u + 3*u**2 - 9 - 8*u**2. What is m(-1)?
-4
Let q be (18/5)/(-2)*(-9450)/(-810). Let o(a) = 3*a**3 + 62*a**2 - 17*a + 78. Determine o(q).
-6
Let h(k) = -23*k + 140. Let b(t) = -4*t + 25. Let w(q) = 34*b(q) - 6*h(q). What is w(5)?
20
Let d(k) be the third derivative of -k**6/120 + k**5/6 - k**4/24 + k**3 - 93*k**2. Let l(x) = x**2 + x. Let y(m) = d(m) - 4*l(m). Determine y(5).
6
Let i(f) = 5*f - 13. Suppose -9*c = 80 - 196 + 80. Give i(c).
7
Let h(n) = 8*n**2 - 91*n + 27. Let i be h(11). Let g(x) = x**3 + 8*x**2 + 21*x + 39. Give g(i).
-15
Let s(v) = -9*v**2 + 5*v + 7. Let m(h) = 25*h**2 - 16*h - 17. Let u(q) = 4*m(q) + 11*s(q). What is u(6)?
-9
Let t(u) be the third derivative of u**6/120 - u**5/12 - 5*u**4/8 + u**3/3 - 1163*u**2. Give t(7).
-5
Suppose -4*h = h + 5*u - 30, 2*h = -5*u + 21. Let j(x) = -x**2 + 8 + 5*x - 1 - 8 - h*x - 12*x**3. What is j(1)?
-12
Suppose -52*s + 66 = -46*s. Let a(i) = 3*i**3 + 3*i**2 - 8*i - 23. Let u(d) = -d**3 - d**2 + 3*d + 8. Let q = -6 - -10. Let w(x) = q*a(x) + s*u(x). Give w(0).
-4
Let q(v) = 20*v + 1. Let u(h) = -8*h. Let g(p) = 3*q(p) + 8*u(p). What is g(3)?
-9
Suppose k = -453 + 450. Let m be ((-2)/k)/(25/(-450)). Let a(i) = i**2 + 12*i + 1. Determine a(m).
1
Let k(p) = -2*p - 61. Let i be (10*24/160)/((-12)/208). Calculate k(i).
-9
Let o(j) = 167112242*j - j**2 + 15 - 167112248*j - 16. Let p = -10 - -36. Let h be 4/(-6) + p/(-6). Determine o(h).
4
Let x(t) be the first derivative of t**5/20 - 5*t**4/12 - t**3/6 + 3*t**2/2 + 111*t - 169. Let h(f) be the first derivative of x(f). Determine h(5).
-2
Let y(c) = 40 - 11 - 2892*c**2 + 14 + 2891*c**2 + 10*c. Calculate y(13).
4
Let o(u) = -u**2 + 17*u + 13. Let a be o(18). Let l(i) be the second derivative of -i**3/2 + 3*i**2/2 - 2663*i. Determine l(a).
18
Let c be 6/33 - 384/(-66). Suppose -9 + 30 = 7*m. Let i(o) = 2*o - 4 - o**2 + 4*o + o**3 - m*o - 5*o**2. Determine i(c).
14
Let y(r) = -4*r**2 + 23*r - 32. Let m be y(4). Let o(j) = 2*j**2 + 4*j - 4. Calculate o(m).
12
Let b(y) = 2*y**2 + 3*y + 2. Suppose 2*g + 2122 = 4*r, g = -3*r + 3*g + 1589. Suppose r*l - 528*l = -10. Determine b(l).
4
Let u(m) = -m**3 - 9*m**2 + 23*m + 14. Let y be 0 + (259/148)/(1/(-8)) + 3. Give u(y).
3
Suppose -3*j + 5 = -5*a, -4*a + 7*a + j + 17 = 0. Let m(q) be the second derivative of -q**3/6 - 2*q**2 + 3*q - 63. Give m(a).
0
Let m(j) = j - 15. Let i = -55 + 59. Let c be (1/(-4))/(i/(-16)) - 1. Suppose 0 = 5*b - 4*t + t - 37, c = 4*b + t - 33. Calculate m(b).
-7
Let f be 3/2*(13 + -9). Let i(q) be the second derivative of 1/6*q**3 + 15*q + 0 - q**2. What is i(f)?
4
Let n(o) = o + 4 + 2*o + 0*o. Let b(v) = 6*v - 27. Let r be b(-13). Let z = -108 - r. Determine n(z).
-5
Let x(n) be the first derivative of -n**4/4 + 5*n**3/3 + 7*n**2/2 + 3*n - 158. Suppose 0*g + 2*g = -24. Let p be g/14*(-10 + 3). Calculate x(p).
9
Let d(y) be the second derivative of y**3/6 - 9*y**2/2 - 3*y. Let n be d(16). Suppose 9*x - n = -25. Let q(j) = j**3 + 2*j**2 - 2*j - 3. Give q(x).
1
Let z(i) = i + 24. Let b be z(-22). Let c(u) = -7 + 10*u**2 + u**b + 2*u - u - 10*u**2. Let p = 117 + -117. Determine c(p).
-7
Suppose 0 = -170*w + 66*w - 2080. Let r(m) = -25*m - 497. Calculate r(w).
3
Let k(c) be the first derivative of c**6/120 - c**5/5 - c**4/24 + 3*c**3/2 + 7*c**2/2 + 2*c + 5. Let i(m) be the second derivative of k(m). Determine i(12).
-3
Suppose 5*a = -510 + 520. Suppose 6 = 4*h + a*o, h + 4 = o + 13. Let k(s) = s**3 - 4*s**2 - 2*s - 4. Calculate k(h).
-12
Let a(h) = -49*h - 1. Let u(x) = 1758*x + 39. Let w(c) = -36*a(c) - u(c). Suppose 20*v - 22 = 9*v. Give w(v).
9
Let q(d) be the third derivative of -d**5/60 - d**4/24 - d**3 - d**2. Let h = 189081 - 189081. Give q(h).
-6
Let m = 21 + -15. Suppose -m*c + 3*c = 0. Let s be -4*(c + (-9)/(-6)). Let h(b) = b**3 + 7*b**2 + 3*b - 2. Give h(s).
16
Suppose -6*s = -4*s - 34. Let y = s - -10. Suppose y*j + 18 = 29*j. Let o(r) = -r**2 + 7*r + 11. Determine o(j).
-7
Let u(d) = d**2 + 4*d - 3. Let z be (-1 - -3)*(-2 + -6). Let f = 19 + z. Suppose -f*o - 7 - 11 = 0. Determine u(o).
9
Let v be 15 + 220/(-22) + (-43 - 6/(-2)). Let l(w) = w + 24. Determine l(v).
-11
Let t = -407 + 448. Suppose n - t = -2*n + 5*s, n - 3*s = 19. Let i(h) = -h**2 + 10*h - 15. Determine i(n).
6
Let r(n) be the second derivative of n**3/6 - 13*n**2 - 3112*n. Determine r(19).
-7
Suppose 5*s - 3*d - 9 = 0, 0 = -5*s + 4*d + 12. Let y(z) = -2*z**3 - z**2 - z + 4. Let o be y(s). Let v(b) = 4*b + 3. Calculate v(o).
19
Suppose -2*c = 2*c + 16. Let y be (-5*(-22)/(-275))/(2/(-10)). Let x = c + y. Let o(j) = -7*j. What is o(x)?
14
Let k(l) = -6*l + 16. Let v be k(2). Let s(a) = -4*a - 2 + 4 + 5*a - 7 + 0. What is s(v)?
-1
Let q = -144 + 139. Let o be 4/6*-6 - -7. Let u(j) = -5*j - 3*j**3 - j**2 - 1 + 2*j**o - 5*j**2. Determine u(q).
-1
Let a(z) = -16*z - 58. Let c be a(-6). Let d(p) = -45*p - c*p + 6 + 85*p. Determine d(-5).
-4
Let t = 114 - 129. Let l(c) = -c**2 - 16*c - 19. What is l(t)?
-4
Let x(h) = h**3 + h**2 - 3*h + 1. Let r be (-1 - 5)/(-12*6/(-36)). Determine x(r).
-8
Let f(g) be the first derivative of -2*g**2 - 38*g - 357. Calculate f(-7).
-10
Let u(n) = -7*n**2 + 12*n - 5. Let c(j) = 5*j**2 - 10*j + 5. Let a(o) = -4*c(o) - 3*u(o). Suppose -6*g - 33 = -3. Calculate a(g).
0
Suppose 35 = -5*x + 5*k, 0 = x + 5*k - 0 + 7. Let b(s) = s**2 + 9*s + 37. Determine b(x).
23
Let x(a) = -2*a - 17. Suppose -5*q - 3*k = -38, -123*q + 3*k + 42 = -120*q. What is x(q)?
-37
Suppose 0*c = p + 2*c + 77, 181 = -3*p + 4*c. Let s = -66 - p. Let l(i) = -2*i**2 - 1. Give l(s).
-3
Suppose -47*r = -51*r + 3*u - 41, 0 = -4*r - 2*u - 66. Let h(g) = g**3 + 17*g**2 + 41*g - 14. What is h(r)?
0
Let h(c) = -5*c + 3. Let p be ((-24)/72)/((-1)/(-2))*-6. Suppose -3*k = 6, 1 = 2*x + p*k + 5. Determine h(x).
-7
Suppose o = -x - 0*o - 2, -4*o - 17 = x. Let i(q) be the third derivative of 31*q**2 - 1/24*q**4 + 0 - 2/3*q**3 + 0*q. Give i(x).
-7
Let v(i) = -2*i**2 - 6*i - 5. Suppose 0 = -3*f + 3*d - 27, d + 8 = 5*d. Suppose 5*h + 41 = -4*k + 6, 4*k = 3*h + 53. Let a = h - f. Calculate v(a).
-13
Let q(r) = r**3 + r**2 + r + 1. Let a be (3/9)/(2/18). Let n(j) = -3*j**3 + j + 3*j**a - 25 - j**3 + 23*j**2 - 1. Let c be n(23). Calculate q(c).
-20
Let j(p) = -11*p**2 + 2*p + 1. Let r be j(-1). Let u(n) = -6*n + 2*n + 6 - 25 + 47 - n + 8*n. Calculate u(r).
-8
Let o(n) be the second derivative of n**6/120 + n**5/120 + 23*n**4/3 + 21*n - 1. Let r(q) be the third derivative of o(q). Let k = 13 + -12. Calculate r(k).
7
Let g(h) be the second derivative of -h**4/12 - h**3 + 5*h**2/2 - 2*h. Let q = 160 - 162. Let p be (-3)/(-27)*q + 301/(-63). Determine g(p).
10
Let q = -21453 + 21456. Let a(p) = -p**2 + 2*p + 12. Calculate a(q).
9
Let h(z) = -7*z - 5. Let p be h(-1). Suppose 4*q = p*v - 16, q - 5 = -4*v - 0*q. Let s(k) = -2 + 17*k**2 + 17*k**2 - 35*k**2. What is s(v)?
-6
Let x(z) = -z**3 + z**2 + 26. Let o = 30485 + -30485. Calculate x(o).
26
Let l be 4/6*(-24)/16. Let z be (-4)/(-3)*((-33)/(-6) + l). Let n(m) = -z*m**2 + 1 - 2*m**2 - 4*m - 9*m**2 + 16*m**2. Determine n(-4).
